en q is divided by 4?
2
Suppose 0 = 5*x - 5*d - 75, d + 0*d - 105 = -5*x. Calculate the remainder when 37 is divided by x.
17
Let i(k) = 3*k - 5. Let f = 3 + 2. Calculate the remainder when 28 is divided by i(f).
8
Let b = 25 - 15. Let o = 19 - b. Calculate the remainder when 17 is divided by o.
8
Let f(p) = -2*p + 9. Calculate the remainder when f(-9) is divided by 13.
1
Let f(y) = -y**3 - 7*y**2 - 9*y - 4. Let a(u) = u + 11. What is the remainder when f(-6) is divided by a(-6)?
4
Let x = 15 - 6. Let v(y) = -y**3 - 5*y**2 + 3*y - 2. Calculate the remainder when v(-6) is divided by x.
7
Suppose 0 = -3*x + x + 4. Let l be 2/(3/((-42)/(-4))). Suppose -l*o + x*o = 2*m - 53, 0 = -m - 3*o + 26. Calculate the remainder when m is divided by 10.
9
Suppose -4*o + 7 + 5 = 0. Suppose 2*n - o*n = 7. Let j = 10 + n. What is the remainder when 4 is divided by j?
1
Suppose -3*b - 1 = -l, -5*l = -3*b + 4*b - 85. Calculate the remainder when 78 is divided by l.
14
Let a(b) = 4*b**3 + 1 + 2*b - 27*b**3 - 19*b**3. Suppose -7*i = -5*i + 2. Calculate the remainder when a(i) is divided by 14.
13
Suppose 0*y + 11*y - 66 = 0. What is the remainder when 17 is divided by y?
5
Let h(w) = -w**3 + 7*w**2 - 5*w + 1. Calculate the remainder when 26 is divided by h(6).
5
Let a(t) = -t**2 + 5*t**3 - 16*t**3 - 3*t + 4*t + 1. What is the remainder when a(-1) is divided by 3 + -2 + -1 - -6?
4
Calculate the remainder when 7 - (-7 - 12/(-4)) is divided by 7.
4
Suppose -88 = -6*r + 4*r. Suppose 5*q = 3*q + r. Calculate the remainder when 85 is divided by q.
19
Let r = -279 - -398. What is the remainder when r is divided by 24?
23
Let d = -5 - -7. Suppose 0 = -5*u + 25, 0 = -2*t - 5*u + d + 51. Calculate the remainder when 25 is divided by t.
11
Let s(a) = -4*a**3 + 5*a**2 + 3*a + 2. Let f(g) = -g**3 + 1. Let d(m) = 5*f(m) - s(m). What is the remainder when d(-5) is divided by 10?
8
Let p = 35 + -22. Calculate the remainder when -1*2*(-74)/4 is divided by p.
11
Let d(q) = -6*q - 3. Calculate the remainder when 35 is divided by d(-3).
5
Let w(f) = f**3 - 9*f**2 + 25*f - 12. Calculate the remainder when w(6) is divided by 2.
0
What is the remainder when 107 is divided by (0 + 6/9)/((-7)/(-231))?
19
Calculate the remainder when ((-54)/(-4))/9*30 is divided by 24.
21
Calculate the remainder when (0 - -3) + -5 - -133 is divided by 19.
17
Suppose 0*p + 16 = 4*p. Suppose -p*x + 3*x = -20. What is the remainder when 38 is divided by x?
18
Let j = -6 + 30. Calculate the remainder when j is divided by 14.
10
Let m = 10 - 6. Suppose -3*g = -3*y + 3, -m*y + g - 4*g + 39 = 0. Suppose b + 0*b - y = 0. What is the remainder when b is divided by 4?
2
Let a be (-1)/((-2)/24*-3). Let h = a - -4. Let v(w) = w + 55. What is the remainder when v(h) is divided by 14?
13
Let b(k) = -7 + 3*k - k**3 - 5*k + 9*k**2 - 3*k. What is the remainder when 32 is divided by b(8)?
15
Let r(t) = -56*t + 9. Let q(u) = -19*u + 3. Let k(f) = 8*q(f) - 3*r(f). Let w = 24 + -14. What is the remainder when k(2) is divided by w?
9
Let d be 8/2 - 8/8. Suppose 3*a - 35 = 2*a - 5*t, a = d*t + 27. Calculate the remainder when 117 is divided by a.
27
Let x = 7 - 4. Let m = x + 3. Suppose -90 = -m*g + g. Calculate the remainder when g is divided by 10.
8
Suppose 5*o = 4*t + 537, -2*t + 196 + 26 = 2*o. Calculate the remainder when o is divided by 22.
21
Let w(q) = -q**3 - 6*q**2 + 6*q - 3. Calculate the remainder when 31 is divided by w(-7).
3
Suppose -k = 2*n - 101, 8*n - 4*n - 3*k - 207 = 0. Suppose -5*y + 9 + n = 0. Let i = 93 + -59. Calculate the remainder when i is divided by y.
10
Let v be (-9)/(-5) - 7/(-35). What is the remainder when ((-4)/(-5))/((-2)/(-75)) is divided by 16*(0 + 2)/v?
14
Suppose -3*v = 4*c - 322, -5*v + 3*v = c - 223. Calculate the remainder when v is divided by 39.
36
Let y = 8 - 11. Let p be 4 + (y - (-1 - 0)). Let k(q) = 10*q**2 + 2*q + 1. Calculate the remainder when k(p) is divided by 23.
22
Let t(w) = 6*w**3 - w**2 + w + 1. Let y be t(-1). Let c = 10 - y. Calculate the remainder when c is divided by 5.
2
Let c(j) = 9*j - 3. Let p(l) = l + 1. Let k be p(4). Suppose 0 = 5*t - 0*a - 5*a - 225, -119 = -3*t - k*a. What is the remainder when t is divided by c(2)?
13
Let x(t) = -26*t**3 + t**2 + 2*t + 1. What is the remainder when x(-1) is divided by 2/(-1 + (-44)/(-36))?
8
Let n(f) = f - 6. Let s(d) = -d + 7. Let j(t) = 6*n(t) + 5*s(t). What is the remainder when 33 is divided by j(10)?
6
Suppose -2*g - 9 = 2*f + 23, 0 = 4*f - 2*g + 46. Let i = f - -40. Calculate the remainder when i is divided by (-3)/(-6) - 38/(-4).
7
Suppose 3*b - 4*s - 34 = 0, -b + 16 = -2*s + 2. Calculate the remainder when b is divided by 3.
0
Suppose -3*n + 34 = -5. What is the remainder when n is divided by 3?
1
What is the remainder when 14 is divided by (-237)/(-27) + 4/18?
5
Let c(o) = -8*o**3 - 2*o - 1. Let a be c(-1). Suppose a*p - 36 = 6*p. Calculate the remainder when 45 is divided by p.
9
Let r(d) = d**2 + 5*d + 5. Let z be r(-4). Suppose x = -z + 20. What is the remainder when 36 is divided by x?
17
Let q = 17 + -5. Suppose 5*i = -2*j - q, 3*j + j - 24 = 2*i. Suppose z = -5*r + 14, 2*r = z - 10 - j. What is the remainder when z is divided by 8?
6
Let j(a) = -a**3 - 8*a**2 + 6. Let k(s) = -s**3 + 6*s**2 - 8. Suppose -4 = -4*m + 20. Let w be k(m). What is the remainder when 17 is divided by j(w)?
5
Suppose -4*m = 5*c - 28, c + c - 52 = -5*m. Let b = m - -2. What is the remainder when 55 is divided by b?
13
Let o(s) = -s**2 + 2*s - 2. Let n be o(5). Let g = n - 8. Let h = -15 - g. What is the remainder when 29 is divided by h?
9
Suppose 10*l = 5*l - 4*u + 3, -5*l + 2*u = -21. Suppose 2*v - j = -1, -v = 4*j - 1 - 3. What is the remainder when -1 + l - v/6 is divided by 2?
0
Let y(s) = -35*s - 5. Let d(q) = -106*q - 14. Let i(g) = 4*d(g) - 11*y(g). What is the remainder when i(-1) is divided by (20/(-40))/((-2)/52)?
12
Let s = -8 + 13. What is the remainder when 18/2 + 1 + -2 is divided by 18/4 + s/10?
3
Let b(d) = d**3 + 8*d**2 - 11*d - 7. Let r be b(-9). Let f = 5 + r. Calculate the remainder when 46 is divided by f.
14
Suppose 3*x = 4*x. Suppose -2*o + o + 1 = x. What is the remainder when 5/o*(-84)/(-15) is divided by 10?
8
Suppose -4*u + 39 = -57. Calculate the remainder when 45 is divided by u.
21
Let p = 96 + -45. Let n = -15 + p. Suppose 0 = -0*d + d + 5*s + 9, -4*d = 2*s - n. What is the remainder when d is divided by 3?
2
Suppose 5*v - 2*i = 195, 4*v - 4*i - 89 = 67. Suppose -2*u + 32 = -3*q, 2*q = u - 3*q - 30. What is the remainder when v is divided by u?
9
Let u be (-6)/39 + (-730)/(-13). Let f = u - 39. Calculate the remainder when 49 is divided by f.
15
Let k(v) = v**3 - 9*v**2 - 12*v + 9. Let y be k(10). Let a = y + 69. Calculate the remainder when a is divided by 15.
13
Suppose -2*s = -8, -4*j - s - 7 + 23 = 0. Suppose 0 = j*a + 30 - 177. What is the remainder when a is divided by 13?
10
Suppose -6*u + 415 = -u. What is the remainder when u is divided by 28?
27
Let u(z) = z**3 - 6*z**2 + 5*z + 7. Let v be u(5). Let m = 4 + v. Calculate the remainder when m is divided by 4.
3
Suppose 0 = -2*q + 3*q - 4. Suppose -b - q*k = k - 6, 0 = -2*k - 4. Let v = b - 0. Calculate the remainder when v is divided by 6.
4
Suppose 0 = -0*q + q + 2*k - 49, -3*q - 4*k + 147 = 0. Let o(g) = -g**2 - 12*g - 7. What is the remainder when q is divided by o(-8)?
24
Let c(u) = -u**3 + 4*u**2 + 6*u. Suppose -6 + 1 = -x. Calculate the remainder when (-12)/(-54) - 248/(-18) is divided by c(x).
4
Calculate the remainder when (2 - 23)/(0 + (-12)/32) is divided by 30.
26
Let g = 154 - 64. What is the remainder when g is divided by 31?
28
Let i(d) = -13 + 4*d**2 - 13 + 28. What is the remainder when 34 is divided by i(2)?
16
Let x = 37 - 23. Let h be x/((-4)/2 + 1). What is the remainder when 8/(2 + 24/h) is divided by 10?
8
Let v be (-6)/9*(-1 - 2). Suppose 47 = 5*l + 2*j, -l - 3*j + 14 = 2. Calculate the remainder when v*(0 + 13 + 0) is divided by l.
8
Let z(m) be the first derivative of m**3/3 + m**2 - 3*m + 3. Calculate the remainder when 46 is divided by z(-5).
10
Suppose b - 2*j = -4 + 43, -10 = -5*j. What is the remainder when b is divided by 23?
20
Let s = -51 - -86. Suppose 3*j + 48 = 7*j. What is the remainder when s is divided by